{"id":2,"date":"2013-12-31T13:11:36","date_gmt":"2013-12-31T13:11:36","guid":{"rendered":"https:\/\/choryfeen-kirchardt.de\/?page_id=2"},"modified":"2023-01-23T09:01:30","modified_gmt":"2023-01-23T08:01:30","slug":"beispiel-seite","status":"publish","type":"page","link":"https:\/\/choryfeen-kirchardt.de\/?page_id=2","title":{"rendered":"ChoryFeen"},"content":{"rendered":"\n<p>Seit 1986 gibt es den Frauenchor des S\u00e4ngerbund Kirchardt und seit ihrem Jubil\u00e4umsjahr 2006 nennen sie sich \u201cChoryFeen\u201d. Im Chor singen M\u00e4dchen und Frauen aus drei Generationen &#8211; gesungen wird, was Spa\u00df macht. Regelm\u00e4\u00dfige Stimmbildungs- und Probewochenenden erg\u00e4nzen die Singstunden und bereiten die S\u00e4ngerinnen auf ihre Auftritte vor.<\/p>\n\n\n\n<div style=\"height:38px\" aria-hidden=\"true\" class=\"wp-block-spacer\"><\/div>\n\n\n\n<figure id=\"Tabelle8\" class=\"wp-block-table is-style-stripes\"><table><tbody><tr><td>S\u00e4ngerinnen:<\/td><td>35 Frauen und M\u00e4dchen im Alter von 14 bis 80<\/td><\/tr><tr><td>Chorprobe:<\/td><td>Mittwochs, 20 Uhr, Vereinsraum im Rathaus Kirchardt<\/td><\/tr><tr><td>Unser Repertoire:<\/td><td>Popsongs, Musicals, Schlager, Internationale Volkslieder, Spirituals, Gospels, Geistliche Literatur<\/td><\/tr><tr><td>Wo treten wir auf?<\/td><td>Konzerte in der Festhalle, Weihnachtsliederabend, Geistliche Konzerte in den Kirchardter Kirchen und der Umgebung, Liederabende und Konzerte oder Grand Prix der Popch\u00f6re befreundeter Vereine, Hochzeiten und Geburtstage<\/td><\/tr><\/tbody><\/table><\/figure>\n\n\n\n<div style=\"height:37px\" aria-hidden=\"true\" class=\"wp-block-spacer\"><\/div>\n\n\n\n<p><strong>Sopran 1<\/strong><\/p>\n\n\n\n<figure class=\"wp-block-image size-full\"><a href=\"https:\/\/choryfeen-kirchardt.de\/wp-content\/uploads\/2023\/01\/image00015.jpg\"><img loading=\"lazy\" decoding=\"async\" width=\"1024\" height=\"575\" src=\"https:\/\/choryfeen-kirchardt.de\/wp-content\/uploads\/2023\/01\/image00015.jpg\" alt=\"\" class=\"wp-image-758\" srcset=\"https:\/\/choryfeen-kirchardt.de\/wp-content\/uploads\/2023\/01\/image00015.jpg 1024w, https:\/\/choryfeen-kirchardt.de\/wp-content\/uploads\/2023\/01\/image00015-300x168.jpg 300w, https:\/\/choryfeen-kirchardt.de\/wp-content\/uploads\/2023\/01\/image00015-768x431.jpg 768w\" sizes=\"auto, (max-width: 1024px) 100vw, 1024px\" \/><\/a><figcaption class=\"wp-element-caption\">Tanja Schneider, Anette Herrmann, Maren Rupp, Nathalie Laumann, Julia Tkalac, Meike Superina, Carmen Kreiter, Verena Appenzeller, Helga Schick, Katharina W\u00f6rrlein, Franziska Hennrich, Liane Gebhardt<\/figcaption><\/figure>\n\n\n\n<div style=\"height:33px\" aria-hidden=\"true\" class=\"wp-block-spacer\"><\/div>\n\n\n\n<p><strong>Sopran 2<\/strong><\/p>\n\n\n\n<figure class=\"wp-block-image size-full\"><a href=\"https:\/\/choryfeen-kirchardt.de\/wp-content\/uploads\/2023\/01\/image00017.jpg\"><img loading=\"lazy\" decoding=\"async\" width=\"1024\" height=\"575\" src=\"https:\/\/choryfeen-kirchardt.de\/wp-content\/uploads\/2023\/01\/image00017.jpg\" alt=\"\" class=\"wp-image-759\" srcset=\"https:\/\/choryfeen-kirchardt.de\/wp-content\/uploads\/2023\/01\/image00017.jpg 1024w, https:\/\/choryfeen-kirchardt.de\/wp-content\/uploads\/2023\/01\/image00017-300x168.jpg 300w, https:\/\/choryfeen-kirchardt.de\/wp-content\/uploads\/2023\/01\/image00017-768x431.jpg 768w\" sizes=\"auto, (max-width: 1024px) 100vw, 1024px\" \/><\/a><figcaption class=\"wp-element-caption\">Hintere Reihe. Susanne Reinke, Silke Heibel, Martina Reimann, Isabelle Werner, Uschi Laumann, Brigitte Trunzer, Edelgard Meile &#8211; Vorne: Sabrina Zeller, Nele Schmitt<\/figcaption><\/figure>\n\n\n\n<div style=\"height:33px\" aria-hidden=\"true\" class=\"wp-block-spacer\"><\/div>\n\n\n\n<p><strong>Alt 1<\/strong><\/p>\n\n\n\n<figure class=\"wp-block-image size-full\"><a href=\"https:\/\/choryfeen-kirchardt.de\/wp-content\/uploads\/2023\/01\/image00656.jpg\"><img loading=\"lazy\" decoding=\"async\" width=\"1024\" height=\"576\" src=\"https:\/\/choryfeen-kirchardt.de\/wp-content\/uploads\/2023\/01\/image00656.jpg\" alt=\"\" class=\"wp-image-760\" srcset=\"https:\/\/choryfeen-kirchardt.de\/wp-content\/uploads\/2023\/01\/image00656.jpg 1024w, https:\/\/choryfeen-kirchardt.de\/wp-content\/uploads\/2023\/01\/image00656-300x169.jpg 300w, https:\/\/choryfeen-kirchardt.de\/wp-content\/uploads\/2023\/01\/image00656-768x432.jpg 768w\" sizes=\"auto, (max-width: 1024px) 100vw, 1024px\" \/><\/a><figcaption class=\"wp-element-caption\">Gretel Sonnberger, Annette Weiland, Karin Wegener, Ingrid Adam, Franziska M\u00fcnch, Helga Maier, Ina Luongo, Petra Reineck, Linda Kornherr<\/figcaption><\/figure>\n\n\n\n<div style=\"height:32px\" aria-hidden=\"true\" class=\"wp-block-spacer\"><\/div>\n\n\n\n<p><strong>Alt 2<\/strong><\/p>\n\n\n\n<figure class=\"wp-block-image size-full\"><a href=\"https:\/\/choryfeen-kirchardt.de\/wp-content\/uploads\/2023\/01\/image00037.jpg\"><img loading=\"lazy\" decoding=\"async\" width=\"1024\" height=\"575\" src=\"https:\/\/choryfeen-kirchardt.de\/wp-content\/uploads\/2023\/01\/image00037.jpg\" alt=\"\" class=\"wp-image-761\" srcset=\"https:\/\/choryfeen-kirchardt.de\/wp-content\/uploads\/2023\/01\/image00037.jpg 1024w, https:\/\/choryfeen-kirchardt.de\/wp-content\/uploads\/2023\/01\/image00037-300x168.jpg 300w, https:\/\/choryfeen-kirchardt.de\/wp-content\/uploads\/2023\/01\/image00037-768x431.jpg 768w\" sizes=\"auto, (max-width: 1024px) 100vw, 1024px\" \/><\/a><figcaption class=\"wp-element-caption\">Angelina Ehrhardt, Yvonne D\u00e4ubel, Alina Jozic, Katja Glatz, Silvija Gabaj, Hilda Tkalac<\/figcaption><\/figure>\n\n\n\n<div style=\"height:100px\" aria-hidden=\"true\" class=\"wp-block-spacer\"><\/div>\n\n\n\n<figure class=\"wp-block-image size-full\"><a href=\"https:\/\/choryfeen-kirchardt.de\/wp-content\/uploads\/2023\/01\/image00255.jpg\"><img loading=\"lazy\" decoding=\"async\" width=\"1024\" height=\"575\" src=\"https:\/\/choryfeen-kirchardt.de\/wp-content\/uploads\/2023\/01\/image00255.jpg\" alt=\"\" class=\"wp-image-762\" srcset=\"https:\/\/choryfeen-kirchardt.de\/wp-content\/uploads\/2023\/01\/image00255.jpg 1024w, https:\/\/choryfeen-kirchardt.de\/wp-content\/uploads\/2023\/01\/image00255-300x168.jpg 300w, https:\/\/choryfeen-kirchardt.de\/wp-content\/uploads\/2023\/01\/image00255-768x431.jpg 768w\" sizes=\"auto, (max-width: 1024px) 100vw, 1024px\" \/><\/a><\/figure>\n","protected":false},"excerpt":{"rendered":"<p>Seit 1986 gibt es den Frauenchor des S\u00e4ngerbund Kirchardt und seit ihrem Jubil\u00e4umsjahr 2006 nennen sie sich \u201cChoryFeen\u201d. Im Chor singen M\u00e4dchen und Frauen aus drei Generationen &#8211; gesungen wird, was Spa\u00df macht. Regelm\u00e4\u00dfige Stimmbildungs- und Probewochenenden erg\u00e4nzen die Singstunden und bereiten die S\u00e4ngerinnen auf ihre Auftritte vor. S\u00e4ngerinnen: 35 Frauen und M\u00e4dchen im Alter [&hellip;]<\/p>\n","protected":false},"author":1,"featured_media":0,"parent":0,"menu_order":0,"comment_status":"closed","ping_status":"open","template":"","meta":{"footnotes":""},"class_list":["post-2","page","type-page","status-publish","czr-hentry"],"_links":{"self":[{"href":"https:\/\/choryfeen-kirchardt.de\/index.php?rest_route=\/wp\/v2\/pages\/2","targetHints":{"allow":["GET"]}}],"collection":[{"href":"https:\/\/choryfeen-kirchardt.de\/index.php?rest_route=\/wp\/v2\/pages"}],"about":[{"href":"https:\/\/choryfeen-kirchardt.de\/index.php?rest_route=\/wp\/v2\/types\/page"}],"author":[{"embeddable":true,"href":"https:\/\/choryfeen-kirchardt.de\/index.php?rest_route=\/wp\/v2\/users\/1"}],"replies":[{"embeddable":true,"href":"https:\/\/choryfeen-kirchardt.de\/index.php?rest_route=%2Fwp%2Fv2%2Fcomments&post=2"}],"version-history":[{"count":35,"href":"https:\/\/choryfeen-kirchardt.de\/index.php?rest_route=\/wp\/v2\/pages\/2\/revisions"}],"predecessor-version":[{"id":798,"href":"https:\/\/choryfeen-kirchardt.de\/index.php?rest_route=\/wp\/v2\/pages\/2\/revisions\/798"}],"wp:attachment":[{"href":"https:\/\/choryfeen-kirchardt.de\/index.php?rest_route=%2Fwp%2Fv2%2Fmedia&parent=2"}],"curies":[{"name":"wp","href":"https:\/\/api.w.org\/{rel}","templated":true}]}}