{"id":35,"date":"2013-12-31T18:57:34","date_gmt":"2013-12-31T16:57:34","guid":{"rendered":"https:\/\/choryfeen-kirchardt.de\/?page_id=35"},"modified":"2026-04-28T19:45:15","modified_gmt":"2026-04-28T17:45:15","slug":"chorleiter","status":"publish","type":"page","link":"https:\/\/choryfeen-kirchardt.de\/?page_id=35","title":{"rendered":"Chorleiter"},"content":{"rendered":"\n<p><\/p>\n\n\n\n<figure class=\"wp-block-image size-large is-resized\"><a href=\"https:\/\/choryfeen-kirchardt.de\/wp-content\/uploads\/2023\/01\/image00018.jpeg\"><img loading=\"lazy\" decoding=\"async\" width=\"1024\" height=\"768\" src=\"https:\/\/choryfeen-kirchardt.de\/wp-content\/uploads\/2023\/01\/image00018-1024x768.jpeg\" alt=\"\" class=\"wp-image-784\" style=\"width:543px;height:408px\" srcset=\"https:\/\/choryfeen-kirchardt.de\/wp-content\/uploads\/2023\/01\/image00018-1024x768.jpeg 1024w, https:\/\/choryfeen-kirchardt.de\/wp-content\/uploads\/2023\/01\/image00018-300x225.jpeg 300w, https:\/\/choryfeen-kirchardt.de\/wp-content\/uploads\/2023\/01\/image00018-768x576.jpeg 768w, https:\/\/choryfeen-kirchardt.de\/wp-content\/uploads\/2023\/01\/image00018-1536x1152.jpeg 1536w, https:\/\/choryfeen-kirchardt.de\/wp-content\/uploads\/2023\/01\/image00018.jpeg 2048w\" sizes=\"auto, (max-width: 1024px) 100vw, 1024px\" \/><\/a><\/figure>\n\n\n\n<div style=\"height:28px\" aria-hidden=\"true\" class=\"wp-block-spacer\"><\/div>\n\n\n\n<p><strong>Unser Chorleiter:<\/strong><\/p>\n\n\n\n<p>Stefan Fieser, Chordirektor FDB\/ICV<\/p>\n\n\n\n<p>Stefan Fieser (geboren 1975) leitet unseren Frauenchor seit 1998 und den M\u00e4nnerchor von 1999 bis zu dessen Aufl\u00f6sung. Er hat nach seinem langj\u00e4hrigen Klavierunterricht an der kirchenmusikalischen C-Ausbildung teilgenommen und hat seither verschiedene Ch\u00f6re geleitet und war Verbandschorleiter des\u00a0Chorverbandes Elsenzgau. Neben unserem Chor leitetet er aktuell noch den <a href=\"https:\/\/chorios-grombach.de\/\">CHORios<\/a> im Nachbarort Grombach.<\/p>\n\n\n\n<p><a href=\"http:\/\/www.stefan-fieser.de\">www.stefan-fieser.de<\/a><\/p>\n\n\n\n<div style=\"height:40px\" aria-hidden=\"true\" class=\"wp-block-spacer\"><\/div>\n\n\n\n<figure class=\"wp-block-image size-full\"><a href=\"https:\/\/choryfeen-kirchardt.de\/wp-content\/uploads\/2023\/01\/image00254.jpg\"><img loading=\"lazy\" decoding=\"async\" width=\"1024\" height=\"575\" src=\"https:\/\/choryfeen-kirchardt.de\/wp-content\/uploads\/2023\/01\/image00254.jpg\" alt=\"\" class=\"wp-image-740\" srcset=\"https:\/\/choryfeen-kirchardt.de\/wp-content\/uploads\/2023\/01\/image00254.jpg 1024w, https:\/\/choryfeen-kirchardt.de\/wp-content\/uploads\/2023\/01\/image00254-300x168.jpg 300w, https:\/\/choryfeen-kirchardt.de\/wp-content\/uploads\/2023\/01\/image00254-768x431.jpg 768w\" sizes=\"auto, (max-width: 1024px) 100vw, 1024px\" \/><\/a><\/figure>\n","protected":false},"excerpt":{"rendered":"<p>Unser Chorleiter: Stefan Fieser, Chordirektor FDB\/ICV Stefan Fieser (geboren 1975) leitet unseren Frauenchor seit 1998 und den M\u00e4nnerchor von 1999 bis zu dessen Aufl\u00f6sung. Er hat nach seinem langj\u00e4hrigen Klavierunterricht an der kirchenmusikalischen C-Ausbildung teilgenommen und hat seither verschiedene Ch\u00f6re geleitet und war Verbandschorleiter des\u00a0Chorverbandes Elsenzgau. Neben unserem Chor leitetet er aktuell noch den CHORios [&hellip;]<\/p>\n","protected":false},"author":1,"featured_media":0,"parent":0,"menu_order":0,"comment_status":"closed","ping_status":"open","template":"","meta":{"footnotes":""},"class_list":["post-35","page","type-page","status-publish","czr-hentry"],"_links":{"self":[{"href":"https:\/\/choryfeen-kirchardt.de\/index.php?rest_route=\/wp\/v2\/pages\/35","targetHints":{"allow":["GET"]}}],"collection":[{"href":"https:\/\/choryfeen-kirchardt.de\/index.php?rest_route=\/wp\/v2\/pages"}],"about":[{"href":"https:\/\/choryfeen-kirchardt.de\/index.php?rest_route=\/wp\/v2\/types\/page"}],"author":[{"embeddable":true,"href":"https:\/\/choryfeen-kirchardt.de\/index.php?rest_route=\/wp\/v2\/users\/1"}],"replies":[{"embeddable":true,"href":"https:\/\/choryfeen-kirchardt.de\/index.php?rest_route=%2Fwp%2Fv2%2Fcomments&post=35"}],"version-history":[{"count":22,"href":"https:\/\/choryfeen-kirchardt.de\/index.php?rest_route=\/wp\/v2\/pages\/35\/revisions"}],"predecessor-version":[{"id":883,"href":"https:\/\/choryfeen-kirchardt.de\/index.php?rest_route=\/wp\/v2\/pages\/35\/revisions\/883"}],"wp:attachment":[{"href":"https:\/\/choryfeen-kirchardt.de\/index.php?rest_route=%2Fwp%2Fv2%2Fmedia&parent=35"}],"curies":[{"name":"wp","href":"https:\/\/api.w.org\/{rel}","templated":true}]}}